en 190806 is divided by 11220.
66
Calculate the remainder when 290827 is divided by 146.
141
What is the remainder when 6853 is divided by 32?
5
What is the remainder when 9623 is divided by 48?
23
What is the remainder when 1476 is divided by 71?
56
What is the remainder when 173805 is divided by 106?
71
What is the remainder when 30911 is divided by 15455?
1
What is the remainder when 9109 is divided by 292?
57
What is the remainder when 8327 is divided by 555?
2
What is the remainder when 319919 is divided by 258?
257
Calculate the remainder when 6912 is divided by 187.
180
What is the remainder when 34255 is divided by 714?
697
Calculate the remainder when 1124 is divided by 224.
4
What is the remainder when 1275 is divided by 134?
69
Calculate the remainder when 3619029 is divided by 606.
603
What is the remainder when 7794 is divided by 760?
194
Calculate the remainder when 99276 is divided by 28.
16
Calculate the remainder when 947367 is divided by 79.
78
Calculate the remainder when 59357 is divided by 19756.
89
What is the remainder when 50924 is divided by 8469?
110
What is the remainder when 10646 is divided by 2660?
6
Calculate the remainder when 90239 is divided by 298.
243
What is the remainder when 12188 is divided by 358?
16
Calculate the remainder when 25449 is divided by 81.
15
Calculate the remainder when 1082 is divided by 544.
538
Calculate the remainder when 22859 is divided by 1238.
575
What is the remainder when 8813 is divided by 51?
41
What is the remainder when 27624 is divided by 6891?
60
What is the remainder when 17735 is divided by 788?
399
What is the remainder when 46289 is divided by 58?
5
What is the remainder when 42934 is divided by 117?
112
What is the remainder when 5468 is divided by 365?
358
Calculate the remainder when 133614 is divided by 262.
256
What is the remainder when 39688 is divided by 19533?
622
What is the remainder when 144256 is divided by 179?
161
What is the remainder when 20051 is divided by 12?
11
Calculate the remainder when 220093 is divided by 4491.
34
What is the remainder when 15141 is divided by 1754?
1109
Calculate the remainder when 23000 is divided by 852.
848
What is the remainder when 15124 is divided by 361?
323
What is the remainder when 711258 is divided by 305?
303
What is the remainder when 256271 is divided by 18303?
29
What is the remainder when 47057 is divided by 561?
494
What is the remainder when 15158 is divided by 1344?
374
What is the remainder when 191414 is divided by 4?
2
What is the remainder when 81327 is divided by 4?
3
Calculate the remainder when 492241 is divided by 646.
635
Calculate the remainder when 171418 is divided by 1242.
22
Calculate the remainder when 529513 is divided by 48137.
6
Calculate the remainder when 5237 is divided by 92.
85
Calculate the remainder when 63190 is divided by 3717.
1
What is the remainder when 274901 is divided by 91628?
17
Calculate the remainder when 31687 is divided by 10560.
7
Calculate the remainder when 37447 is divided by 35.
32
Calculate the remainder when 81318 is divided by 146.
142
Calculate the remainder when 8835 is divided by 175.
85
What is the remainder when 266680 is divided by 76?
72
Calculate the remainder when 255472 is divided by 20.
12
Calculate the remainder when 17862 is divided by 58.
56
What is the remainder when 137458 is divided by 7?
6
What is the remainder when 125433 is divided by 32?
25
What is the remainder when 21601 is divided by 11?
8
What is the remainder when 28932 is divided by 37?
35
Calculate the remainder when 159787 is divided by 90.
37
What is the remainder when 486592 is divided by 183?
178
What is the remainder when 15864 is divided by 7575?
714
Calculate the remainder when 245953 is divided by 663.
643
Calculate the remainder when 4651 is divided by 286.
75
Calculate the remainder when 13280 is divided by 2656.
0
What is the remainder when 189008 is divided by 360?
8
Calculate the remainder when 779427 is divided by 63.
54
What is the remainder when 168039 is divided by 403?
391
Calculate the remainder when 123007 is divided by 5.
2
What is the remainder when 129196 is divided by 8608?
76
What is the remainder when 11731 is divided by 244?
19
What is the remainder when 1844312 is divided by 731?
730
What is the remainder when 18880 is divided by 525?
505
Calculate the remainder when 24768 is divided by 135.
63
What is the remainder when 14241 is divided by 361?
162
What is the remainder when 36295 is divided by 140?
35
Calculate the remainder when 209 is divided by 70.
69
Calculate the remainder when 4440 is divided by 103.
11
What is the remainder when 955 is divided by 155?
25
What is the remainder when 4024 is divided by 166?
40
Calculate the remainder when 2207 is divided by 25.
7
Calculate the remainder when 90361 is divided by 551.
548
Calculate the remainder when 47858 is divided by 1227.
5
What is the remainder when 8484 is divided by 8467?
17
Calculate the remainder when 2260 is divided by 377.
375
Calculate the remainder when 3505 is divided by 1471.
563
Calculate the remainder when 8208 is divided by 243.
189
Calculate the remainder when 82346 is divided by 595.
236
What is the remainder when 4051 is divided by 161?
26
What is the remainder when 114559 is divided by 179?
178
Calculate the remainder when 18661 is divided by 78.
19
What is the remainder when 8738 is divided by 55?
48
What is the remainder when 1421 is divided by 1293?
128
What is the remainder when 3045 is divided by 448?
357
What is the remainder when 381134 is divided by 127036?
26
What is the remainder when 8099 is divided by 1901?
495
Calculate the remainder when 557 is divided by 348.
209
What is the remainder when 366221 is divided by 14?
9
Calculate the remainder when 28799 is divided by 39.
17
Calculate the remainder when 162297 is divided by 41.
19
What is the remainder when 4737 is divided by 24?
9
What is the remainder when 59320 is divided by 393?
370
Calculate the remainder when 4580 is divided by 4570.
10
Calculate the remainder when 2140 is divided by 8.
4
Calculate the remainder when 331 is divided by 186.
145
Calculate the remainder when 11967 is divided by 5364.
1239
Calculate the remainder when 895206 is divided by 317.
315
What is the remainder when 11497 is divided by 274?
263
Calculate the remainder when 1091073 is divided by 42.
39
Calculate the remainder when 5458 is divided by 1751.
205
Calculate the remainder when 6551 is divided by 129.
101
What is the remainder when 26228 is divided by 1311?
8
What is the remainder when 47425 is divided by 31?
26
Calculate the remainder when 229470 is divided by 137.
132
Calculate the remainder when 15058 is divided by 115.
108
What is the remainder when 91798 is divided by 43?
36
Calculate the remainder when 12758 is divided by 12700.
58
Calculate the remainder when 9202 is divided by 2063.
950
Calculate the remainder when 59819 is divided by 11962.
9
What is the remainder when 15698 is divided by 6?
2
What is the remainder when 420845 is divided by 105209?
9
Calculate the remainder when 250014 is divided by 77.
72
Calculate the remainder when 3113 is divided by 493.
155
Calculate the remainder when 9889 is divided by 7.
5
Calculate the remainder when 10092 is divided by 215.
202
What is the remainder when 10626 is divided by 217?
210
Calculate the remainder when 56116 is divided by 8011.
39
Calculate the remainder when 8204626 is divided by 233.
230
Calculate the remainder when 216 is divided by 64.
24
Calculate the remainder when 3064 is divided by 30.
4
What is the remainder when 40126 is divided by 82?
28
What is the remainder when 25772 is divided by 477?
14
Calculate the remainder when 221797 is divided by 3039.
2989
Calculate the remainder when 911 is divided by 28.
15
What is the remainder when 9707 is divided by 187?
170
Calculate the remainder when 488476 is divided by 1376.
1372
Calculate the remainder when 200254 is divided by 72.
22
Calculate the remainder when 1333 is divided by 228.
193
What is the remainder when 2497 is divided by 197?
133
What is the remainder when 3774 is divided by 1255?
9
Calculate the remainder when 759367 is divided by 7232.
7
What is the remainder when 20517 is divided by 216?
213
What is th